of 606116?
6
What is the hundreds digit of 480249?
2
What is the units digit of 81715?
5
What is the ten thousands digit of 141925?
4
What is the millions digit of 1904896?
1
What is the hundreds digit of 1714878?
8
What is the ten thousands digit of 6929055?
2
What is the ten thousands digit of 230126?
3
What is the hundred thousands digit of 5463640?
4
What is the units digit of 62458?
8
What is the units digit of 223620?
0
What is the hundreds digit of 1119582?
5
What is the thousands digit of 2827962?
7
What is the ten thousands digit of 166889?
6
What is the hundreds digit of 16300992?
9
What is the ten thousands digit of 590674?
9
What is the tens digit of 1070833?
3
What is the millions digit of 9379079?
9
What is the hundreds digit of 329637?
6
What is the thousands digit of 731062?
1
What is the thousands digit of 490087?
0
What is the hundred thousands digit of 825876?
8
What is the millions digit of 1984160?
1
What is the units digit of 877972?
2
What is the thousands digit of 6149933?
9
What is the units digit of 15885702?
2
What is the ten thousands digit of 41100?
4
What is the units digit of 473650?
0
What is the thousands digit of 1464981?
4
What is the tens digit of 1644521?
2
What is the hundred thousands digit of 12421273?
4
What is the hundred thousands digit of 22992369?
9
What is the tens digit of 313694?
9
What is the ten thousands digit of 54184?
5
What is the tens digit of 2496424?
2
What is the ten thousands digit of 671319?
7
What is the hundred thousands digit of 10017937?
0
What is the tens digit of 8604352?
5
What is the hundreds digit of 415382?
3
What is the tens digit of 8791723?
2
What is the thousands digit of 1751097?
1
What is the ten thousands digit of 1339297?
3
What is the tens digit of 12039291?
9
What is the tens digit of 3359980?
8
What is the units digit of 1016001?
1
What is the ten thousands digit of 20210620?
1
What is the hundreds digit of 1637518?
5
What is the ten millions digit of 24900333?
2
What is the ten millions digit of 34981054?
3
What is the ten millions digit of 23157289?
2
What is the hundreds digit of 707335?
3
What is the units digit of 65107?
7
What is the units digit of 30975430?
0
What is the ten thousands digit of 7356562?
5
What is the hundred thousands digit of 2558131?
5
What is the millions digit of 1344420?
1
What is the units digit of 383033?
3
What is the ten thousands digit of 110729?
1
What is the hundreds digit of 8301094?
0
What is the ten thousands digit of 210764?
1
What is the tens digit of 1706060?
6
What is the ten thousands digit of 11557061?
5
What is the hundreds digit of 6463192?
1
What is the ten thousands digit of 1396810?
9
What is the hundreds digit of 2465479?
4
What is the thousands digit of 11224912?
4
What is the millions digit of 1594873?
1
What is the hundred thousands digit of 834476?
8
What is the hundreds digit of 21405?
4
What is the ten thousands digit of 357290?
5
What is the thousands digit of 9626391?
6
What is the tens digit of 488855?
5
What is the thousands digit of 245343?
5
What is the tens digit of 60839?
3
What is the units digit of 18188607?
7
What is the thousands digit of 347003?
7
What is the hundreds digit of 9004270?
2
What is the tens digit of 559779?
7
What is the hundred thousands digit of 1398245?
3
What is the thousands digit of 1536611?
6
What is the units digit of 4743371?
1
What is the units digit of 1429757?
7
What is the units digit of 133159?
9
What is the ten thousands digit of 13814494?
1
What is the ten thousands digit of 435722?
3
What is the thousands digit of 4055021?
5
What is the units digit of 1011311?
1
What is the hundreds digit of 856144?
1
What is the ten thousands digit of 6134807?
3
What is the hundreds digit of 19004074?
0
What is the units digit of 8743455?
5
What is the hundreds digit of 322706?
7
What is the thousands digit of 1744145?
4
What is the tens digit of 1435209?
0
What is the hundreds digit of 530489?
4
What is the ten thousands digit of 464756?
6
What is the thousands digit of 727343?
7
What is the tens digit of 1339462?
6
What is the hundred thousands digit of 187939?
1
What is the hundred thousands digit of 4146184?
1
What is the ten thousands digit of 1750349?
5
What is the tens digit of 844164?
6
What is the tens digit of 861678?
7
What is the thousands digit of 1345983?
5
What is the hundreds digit of 343286?
2
What is the thousands digit of 440643?
0
What is the thousands digit of 2030756?
0
What is the tens digit of 84602?
0
What is the tens digit of 2658797?
9
What is the ten thousands digit of 1162700?
6
What is the tens digit of 8344078?
7
What is the hundred thousands digit of 1510917?
5
What is the millions digit of 5679145?
5
What is the tens digit of 617870?
7
What is the tens digit of 1745684?
8
What is the hundreds digit of 3141410?
4
What is the tens digit of 1174222?
2
What is the tens digit of 391649?
4
What is the hundred thousands digit of 433720?
4
What is the thousands digit of 256068?
6
What is the millions digit of 2108070?
2
What is the thousands digit of 2033801?
3
What is the hundreds digit of 8940009?
0
What is the units digit of 5106955?
5
What is the ten thousands digit of 31718725?
1
What is the units digit of 4218262?
2
What is the hundred thousands digit of 10885186?
8
What is the thousands digit of 165449?
5
What is the units digit of 3192040?
0
What is the hundred thousands digit of 4236603?
2
What is the thousands digit of 3070413?
0
What is the hundred thousands digit of 312353?
3
What is the units digit of 631769?
9
What is the units digit of 10251265?
5
What is the thousands digit of 286675?
6
What is the tens digit of 6507660?
6
What is the tens digit of 716431?
3
What is the thousands digit of 131164?
1
What is the hundreds digit of 189581?
5
What is the thousands digit of 821254?
1
What is the hundreds digit of 2376623?
6
What is the hundred thousands digit of 2296239?
2
What is the hundred thousands digit of 1005011?
0
What is the thousands digit of 28935578?
5
What is the ten thousands digit of 57795?
5
What is the hundreds digit of 539574?
5
What is the thousands digit of 4468769?
8
What is the thousands digit of 2599636?
9
What is the hundred thousands digit of 2943042?
9
What is the thousands digit of 138091?
8
What is the tens digit of 1194183?
8
What is the hundred thousands digit of 176558?
1
What is the thousands digit of 75320?
5
What is the thousands digit of 14121464?
1
What is the ten thousands digit of 308551?
0
What is the tens digit of 507649?
4
What is the hundred thousands digit of 12015959?
0
What is the tens digit of 102327?
2
What is the ten thousands digit of 108240?
0
What is the hundred thousands digit of 208218?
2
What is the ten thousands digit of 365892?
6
What is the ten thousands digit of 4512634?
1
What is the units digit of 21881?
1
What is the hundreds digit of 23840?
8
What is the thousands digit of 17246996?
6
What is the thousands digit of 10977121?
7
What is the millions digit of 2274451?
2
What is the units digit of 2661831?
1
What is the thousands digit of 38248?
8
What is the hundreds digit of 451300?
3
What is the hundred thousands digit of 147941?
1
What is the ten thousands digit of 76049?
7
What is the hundred thousands digit of 21261313?
2
What is the millions digit of 2773224?
2
What is the ten thousands digit of 6731869?
3
What is the units digit of 2570433?
3
What is the units digit of 190674?
4
What is the hundreds digit of 1717086?
0
What is the tens digit of 371167?
6
What is the thousands digit of 9054?
9
What is the tens digit of 4141129?
2
What is the units digit of 6109802?
2
What is the hundred thousands digit of 328493?
3
What is the tens digit of 252193?
9
What is the thousands digit of 147007?
7
What is the tens digit of 6984498?
9
What is the hundreds digit of 4040970?
9
What is the units digit of 358822?
2
What is the units digit of 540602?
2
What is the millions digit of 7235660?
7
What is the ten thousands digit of 5692050?
9
What is the ten thousands digit of 162251?
6
What is the hundreds digit of 1361697?
6
What is the thousands digit of 933258?
3
What is the thousands digit of 111663?
1
What is the hundred thousands digit of 500883?
5
What is the hundred thousands digit of 66